on factor of 2 and m?
2
Suppose -5*b + 190 - 5 = 0. Let t(q) = -4 + 1 + 5 + b*q. Let k be t(1). Calculate the highest common factor of 13 and k.
13
Suppose -a = 3*a - 53 - 79. Let l(k) = -3*k**2 - 2*k - 1. Let d be l(-2). Let f be (2 - d) + (-1 - -1). Calculate the greatest common factor of f and a.
11
Let p = -1243 - -1804. Calculate the greatest common factor of 459 and p.
51
Let b(y) = y**3 - 7*y**2 - y - 13. Let i be b(6). Let o = -54 - i. What is the greatest common divisor of 5 and o?
1
Let l be 108/(-24)*116/(-6). Suppose 3 = 2*t + 1, 3*t = 3*i - l. What is the highest common divisor of i and 12?
6
Suppose 0*p = 2*p - 26. Let z = -49 + 53. Let y be (-286)/(3/((-6)/z)). What is the greatest common divisor of p and y?
13
Suppose -p - p + 38 = 0. Let k = 914 - 1332. Let r be (-1)/(-1*(-2)/k). What is the greatest common factor of r and p?
19
Suppose 4 = -3*p + 34. Let b(q) = 4*q**2 - 5*q**2 - 9*q - p - 4*q. Let v be b(-12). What is the greatest common factor of v and 12?
2
Let z = 49 - 55. Let h(r) = -r**2 - 12*r - 12. Let s be h(z). What is the highest common factor of 24 and s?
24
Let j be -5 - -7 - 4/(-1). Let m(a) = -19*a. Let l be m(-6). Calculate the highest common divisor of j and l.
6
Let h = 27 - 14. Let y be (-12)/3 + h - -2. Calculate the greatest common divisor of 121 and y.
11
Let w(y) = 5*y - 17. Let n be w(16). Let a = -672 + 693. Calculate the greatest common factor of n and a.
21
Let f = -21 - -21. Suppose f = -7*w - 11 + 396. Calculate the greatest common divisor of w and 5.
5
Let u = -1156 + 1158. Calculate the greatest common divisor of u and 38.
2
Let x = -115 + 133. Let w be (-1)/2 + (-114)/(-4). Let i = w - x. What is the highest common divisor of i and 50?
10
Let a = -238 + 250. What is the highest common factor of 708 and a?
12
Let z be ((-188)/(-6))/(((-78)/(-333))/13). Calculate the greatest common divisor of 37 and z.
37
Let g = 15 - 25. Let d be (-2)/g + 132/15. Calculate the greatest common divisor of d and 63.
9
Let b = 70 + -34. Suppose 0*q + q = b. Suppose -5*d + 159 = 4*z - 119, -2*d = -3*z - 102. Calculate the greatest common factor of q and d.
18
Suppose -5*o + 4*o - 525 = -3*g, 0 = 2*g + 2*o - 358. Let n be (2/4)/((-7)/(-434)). Suppose -3*u = -n - 17. What is the highest common divisor of u and g?
16
Let y be -2 + 3 + (1 - -1). Let k be 12/2*(-39)/(-78). Suppose k*v = 2*v + 2, 0 = -3*a + v + 79. Calculate the highest common divisor of y and a.
3
Suppose 0 = -2*w - 3*w. Let y = 3 - w. What is the greatest common divisor of y and 27?
3
Suppose -g + 4 = -k, -2*g - k = 2*k - 13. Suppose 7*w - g = 2*w. Suppose 2*b - 65 - w = 0. What is the greatest common factor of b and 11?
11
Let k be ((-5)/2)/(9/(-630)*7). What is the greatest common factor of 625 and k?
25
Suppose 3*x = 5*v - 444, 3*v - 2 = 2*x + 264. Let l be v/24*8/6. Suppose -t = u + 1 + 1, l*t = 4*u - 19. Calculate the greatest common factor of 8 and u.
1
Suppose -l + 2*z = -277, -20*z + 15*z = l - 312. What is the greatest common factor of l and 41?
41
Let y = 25 - 9. Let p(f) = -f - 6. Let u be p(-4). Let k be 1112/28 + u/(-7). Calculate the greatest common divisor of y and k.
8
Let m = 230 + -228. What is the highest common factor of 14 and m?
2
Let u(n) = -n**3 + 8*n**2 + 7*n - 1. Let j be u(9). Let v = j - -28. Let o(i) = -i + 16. Let q be o(13). Calculate the greatest common factor of q and v.
3
Suppose 4*g = 2*g + v + 41, -g + 4*v + 10 = 0. Calculate the highest common factor of g and 44.
22
Let h(a) = 6*a**2 - 7*a - 17. Let u be h(7). Suppose 0*o + 2*o = 3*w + 401, o - u = -4*w. Calculate the highest common factor of o and 26.
26
Let y(x) = -72*x - 301. Let h be y(-8). Calculate the highest common factor of h and 220.
55
Suppose 3*k + 105 = 2*g + 3*g, 0 = -3*g - 5*k + 63. What is the highest common factor of g and 735?
21
Suppose -4*q = -2*n + 128, q = 5*n + 6*q - 290. What is the highest common factor of n and 65?
5
Suppose -3*w + 2*n = -102, -102 = -3*w - 17*n + 15*n. Let c = 158 - -12. What is the highest common factor of c and w?
34
Suppose -4*t = -2*h - 24, -t - 3*t = -5*h - 42. Let q be -3*(-5 - (-2 - 10/h)). Calculate the highest common divisor of 2 and q.
2
Let o be 6/21 - (-1 - 372/21). Let g = -7 + o. Let u = 4 + 8. Calculate the highest common factor of g and u.
12
Let z(d) = 3*d**3 - 3*d**2 + 22*d - 20. Let o be z(1). What is the highest common factor of 202 and o?
2
Let q(n) = -n**2 + 13*n - 7. Let m be q(7). Let d = 41 + -36. What is the highest common divisor of d and m?
5
Suppose -33*n + 37*n - 216 = 0. What is the greatest common divisor of n and 837?
27
Let c be (-2)/((-2)/(-3)) - (-48320)/(-64). Let j be c/(-9) - (-4)/(-18). What is the greatest common factor of j and 21?
21
Let o(t) = -1468 + 4*t + 1473 + 3*t**2 - 5*t. Let c be o(5). Calculate the highest common divisor of 15 and c.
15
Suppose 4*f + 5*g = 26, -3*f + 2 = 5*g - 20. Suppose 0 = f*k - 2*k - 16. Suppose w - 8 = -0*w. Calculate the greatest common factor of k and w.
8
Suppose 2*f - 2*c - 13 = c, 2*f - 2*c - 16 = 0. Let h = 136 - 92. Calculate the highest common factor of h and f.
11
Let g be (-736 - 0)*(24 + -26). What is the greatest common factor of g and 23?
23
Suppose 8*f - 54 + 270 = 0. Let a = f + 71. Calculate the greatest common divisor of 66 and a.
22
Let p be (-30)/(-4)*(-24)/(-10). What is the greatest common factor of p and 99?
9
Let v be (36/(-8))/((-2)/44). Let s = 82 - 43. Let n = s + -28. Calculate the highest common factor of n and v.
11
Let r = 196 - 166. Calculate the highest common factor of 330 and r.
30
Let c be 36 + (-4 - -3)*(-1 + 2). Calculate the highest common factor of c and 21.
7
Let p = -404 - -430. What is the highest common factor of 143 and p?
13
Suppose -29*j = -47 - 40. Calculate the highest common factor of 3 and j.
3
Let j(z) = 5*z - 4. Let u be j(-4). Let b = 40 + u. Let h = 194 - 130. What is the highest common factor of b and h?
16
Suppose 5*p - 2885 + 90 = 0. Calculate the greatest common divisor of p and 86.
43
Let l be (10/8)/(3/(-48)). Let d = l + 37. What is the highest common factor of 85 and d?
17
Suppose q = 4*r - 471, -3*r - 4*q + 357 = 18. What is the greatest common factor of 36 and r?
9
Let v(a) = -8*a - 2. Let i be v(-4). Let u = -18 + i. What is the highest common divisor of u and 12?
12
Let k = -11 - -9. Let w = -10 - k. Let c = w + 20. What is the greatest common divisor of 84 and c?
12
Let t = -1 - 1. Let b be -1 + -13 - (-16 + 11). Let x = t - b. Calculate the greatest common factor of x and 56.
7
Let a(t) = t + 77. Let b be a(0). Calculate the highest common divisor of b and 91.
7
Suppose -3*q - q + 792 = 0. Suppose -4*l = 2*h - 82, 5*h = -l + 5 + 164. Calculate the greatest common divisor of q and h.
33
Let c = -139 + 142. Let p(b) = -9*b. Let n be p(1). Let y be (10/c)/((-6)/n). What is the highest common divisor of 2 and y?
1
Suppose 0 = 16*h - 18*h - 3*w + 84, -h = w - 42. What is the greatest common divisor of 693 and h?
21
Let u(b) = -10*b**2 + 4*b**3 + 4 + 5*b + 4*b - 3*b**3. Suppose 8 + 1 = v. Let p be u(v). Calculate the greatest common divisor of 16 and p.
4
Suppose 4*q = 47 + 45. Let v be q + 1/((-1)/(-1)). Suppose -5*w + v = -w. Calculate the highest common factor of w and 30.
6
Let n(d) = -2*d - 13. Let q(m) = m + 12. Let u(b) = -5*n(b) - 6*q(b). Let k be u(3). Let f = k + 6. What is the greatest common factor of 55 and f?
11
Let j = 1747 - 1205. Suppose 5*s - 1757 = -j. Calculate the greatest common divisor of s and 27.
27
Let m(v) = -v**2 - 3*v + 34. Let j be m(4). What is the highest common factor of j and 14?
2
Let r be (9 - -173)*(-3)/(-6). Calculate the highest common factor of r and 819.
91
Let z(k) = 5*k**2 + 3*k. Let d be z(-2). Suppose -2*m + 2 = -d. Let s(x) = x**2 - 10*x - 20. Let g be s(12). What is the highest common factor of g and m?
4
Suppose a - 3*a + 100 = -3*c, 3*a = -4*c + 184. What is the greatest common divisor of a and 644?
28
Suppose -b + u = -29, -b + 6*u + 17 = 11*u. Let z(r) = -r**2 + 8*r + 3. Let t be z(8). Calculate the highest common factor of b and t.
3
Suppose 4*r - 3*n = 536, -10*r = -5*r + 2*n - 693. Let k = r + -116. What is the highest common divisor of k and 28?
7
Let t = 1621 - 517. What is the greatest common divisor of t and 48?
48
Suppose -5*l -